at is the highest common divisor of 1959 and 657733597?
653
What is the highest common factor of 161730928 and 3424?
1712
What is the greatest common factor of 156311540 and 91?
7
Calculate the greatest common divisor of 1405205 and 11533.
607
What is the highest common divisor of 493152 and 165792?
1056
What is the highest common divisor of 421281520 and 120?
40
Calculate the highest common divisor of 353292 and 925356.
708
What is the highest common factor of 26309133 and 316?
79
Calculate the highest common divisor of 15309 and 49131684.
5103
What is the greatest common divisor of 255248 and 3603152?
5936
What is the greatest common divisor of 2 and 303352796?
2
What is the greatest common factor of 1500568672 and 4384?
4384
What is the highest common factor of 266068110 and 66?
66
Calculate the highest common factor of 32967 and 107189.
37
What is the highest common factor of 1467344 and 6748376?
2344
What is the greatest common factor of 9216 and 5598?
18
Calculate the highest common factor of 772304 and 68809.
1027
Calculate the greatest common factor of 219102 and 1040390.
1378
Calculate the highest common factor of 1706649 and 88509.
543
What is the highest common factor of 350658 and 6294420?
2178
What is the highest common factor of 2130 and 559680?
30
Calculate the highest common divisor of 415117 and 144673.
727
Calculate the highest common factor of 14999627 and 141.
47
Calculate the greatest common factor of 22 and 19178132.
2
What is the highest common divisor of 88 and 179732872?
88
What is the greatest common factor of 139570 and 815830?
170
Calculate the greatest common factor of 233264 and 183488.
976
Calculate the greatest common factor of 6305028 and 744.
372
Calculate the greatest common divisor of 22328269 and 12843.
1427
What is the greatest common divisor of 1637148 and 228?
12
Calculate the highest common factor of 183354491 and 403.
31
Calculate the highest common factor of 7226 and 549815501.
3613
Calculate the highest common factor of 13842 and 41040.
18
What is the greatest common factor of 420 and 66310020?
420
Calculate the highest common factor of 4183723 and 885063.
2323
Calculate the highest common divisor of 1069496 and 64.
8
What is the highest common factor of 1679637 and 12?
3
What is the highest common divisor of 928 and 41057736?
232
What is the greatest common factor of 32901116 and 426?
142
Calculate the highest common factor of 96593 and 14.
7
Calculate the greatest common divisor of 48558614 and 35438.
1222
Calculate the highest common divisor of 1862 and 226089094.
266
Calculate the greatest common divisor of 25542 and 352616.
22
Calculate the greatest common divisor of 14100 and 3216.
12
Calculate the greatest common divisor of 12 and 4459652.
4
Calculate the greatest common factor of 65831100 and 3900.
300
What is the greatest common factor of 12950 and 12110840?
2590
What is the greatest common factor of 509696 and 26224?
176
Calculate the highest common factor of 2244125 and 10.
5
Calculate the greatest common factor of 18722 and 1126576.
814
Calculate the greatest common divisor of 1272 and 15008.
8
Calculate the greatest common divisor of 40145662 and 2.
2
Calculate the highest common factor of 3003025 and 10.
5
What is the highest common divisor of 1309223 and 1345?
269
Calculate the greatest common divisor of 551844 and 3.
3
Calculate the greatest common divisor of 860030 and 1255.
5
What is the highest common factor of 10881805 and 220?
55
Calculate the greatest common divisor of 310095 and 26145.
45
Calculate the highest common factor of 840 and 2183560.
40
What is the greatest common factor of 180727 and 2295?
17
What is the highest common factor of 20626464 and 32?
32
Calculate the greatest common factor of 6156381 and 1925.
77
Calculate the highest common factor of 16 and 1454812.
4
What is the highest common factor of 44562920 and 17880?
5960
What is the highest common divisor of 514139780 and 4620?
1540
Calculate the greatest common factor of 316 and 797315874.
158
What is the highest common factor of 3070160 and 2640?
80
Calculate the highest common divisor of 696357 and 42363.
81
Calculate the greatest common divisor of 31035216 and 10416.
1488
What is the highest common factor of 1992 and 31297806?
498
What is the highest common divisor of 10591 and 2000186?
1513
What is the greatest common divisor of 83104848 and 6678?
954
Calculate the greatest common factor of 4398184 and 104.
8
Calculate the highest common divisor of 726554300 and 38.
38
Calculate the greatest common factor of 31772200 and 4600.
4600
What is the greatest common divisor of 1321642 and 665048?
2818
Calculate the greatest common factor of 728140 and 17640.
980
Calculate the greatest common divisor of 2 and 63336578.
2
Calculate the highest common factor of 11711 and 35280224.
1673
What is the greatest common divisor of 14349726 and 36?
18
What is the greatest common factor of 57390 and 116430?
30
Calculate the greatest common divisor of 271 and 3415505411.
271
Calculate the greatest common divisor of 10472 and 54446.
14
Calculate the greatest common divisor of 196 and 7232988.
196
Calculate the greatest common factor of 5495975 and 75.
25
Calculate the highest common divisor of 815 and 38093589.
163
Calculate the highest common divisor of 1696 and 612122864.
848
What is the highest common factor of 27325631 and 37073?
283
Calculate the highest common divisor of 441 and 115767.
9
What is the highest common divisor of 1250408 and 1341?
149
Calculate the greatest common divisor of 31568 and 1676.
4
Calculate the greatest common factor of 4454236 and 13604.
716
Calculate the greatest common divisor of 1569 and 11495017.
523
What is the highest common factor of 2658 and 168428157?
1329
What is the highest common factor of 440 and 46367992?
88
What is the greatest common divisor of 15164275 and 3675?
1225
What is the greatest common divisor of 7865 and 90480?
65
Calculate the highest common divisor of 5103092 and 62812.
1532
Calculate the greatest common factor of 59055 and 7503240.
465
Calculate the greatest common factor of 130479 and 18971.
61
Calculate the greatest common divisor of 486070 and 14.
2
Calculate the greatest common factor of 38177420 and 40.
20
What is the highest common divisor of 84867168 and 14940?
996
What is the greatest common factor of 14 and 61384442?
14
What is the greatest common factor of 1862667 and 72?
9
What is the highest common divisor of 4030442 and 130?
26
What is the highest common factor of 5256745 and 51545?
845
Calculate the greatest common factor of 4804155009 and 3537.
3537
What is the highest common divisor of 94368453 and 1299?
1299
What is the greatest common factor of 46827 and 6941?
11
What is the greatest common factor of 9366912 and 28026?
3114
Calculate the greatest common divisor of 8250 and 1041425.
275
Calculate the greatest common factor of 13296 and 1046229.
831
What is the greatest common factor of 9416 and 2827?
11
What is the greatest common divisor of 152479 and 119761?
41
Calculate the highest common divisor of 88024428 and 540.
108
What is the highest common factor of 546360 and 5829?
87
What is the greatest common divisor of 50017 and 69237169?
4547
What is the highest common divisor of 9565 and 2632288?
1913
What is the highest common divisor of 22119760 and 208?
208
What is the highest common factor of 247 and 29182670?
19
Calculate the highest common divisor of 32395422 and 108.
6
Calculate the greatest common factor of 4224 and 736104.
24
Calculate the highest common divisor of 52122096 and 52.
52
Calculate the greatest common divisor of 6210 and 1346328.
1242
What is the highest common factor of 1350 and 319302?
54
What is the greatest common divisor of 4075718 and 4?
2
Calculate the highest common factor of 2541271 and 185.
37
What is the greatest common factor of 1010097 and 8778?
627
Calculate the highest common divisor of 3792 and 23227896.
1896
What is the greatest common factor of 6662810 and 1904?
238
What is the greatest common factor of 191389071 and 6085?
1217
Calculate the greatest common divisor of 35940960 and 36960.
5280
What is the greatest common factor of 358650 and 582?
6
Calculate the highest common divisor of 3120717 and 74745.
